{"id":440,"date":"2016-11-30T14:20:19","date_gmt":"2016-11-30T13:20:19","guid":{"rendered":"http:\/\/www.fapi.info\/?page_id=440"},"modified":"2018-09-09T13:03:54","modified_gmt":"2018-09-09T11:03:54","slug":"presidenza","status":"publish","type":"page","link":"https:\/\/www.fapi.info\/?page_id=440","title":{"rendered":"PRESIDENZA"},"content":{"rendered":"<p><a href=\"http:\/\/www.fapi.info\/?page_id=795\"><img decoding=\"async\" loading=\"lazy\" class=\"wp-image-580 aligncenter\" src=\"https:\/\/www.fapi.info\/wp-content\/uploads\/2016\/11\/Immagine_testo4.jpg\" alt=\"immagine_testo4\" width=\"785\" height=\"214\" srcset=\"https:\/\/www.fapi.info\/wp-content\/uploads\/2016\/11\/Immagine_testo4.jpg 807w, https:\/\/www.fapi.info\/wp-content\/uploads\/2016\/11\/Immagine_testo4-768x209.jpg 768w, https:\/\/www.fapi.info\/wp-content\/uploads\/2016\/11\/Immagine_testo4-365x100.jpg 365w\" sizes=\"(max-width: 785px) 100vw, 785px\" \/><\/a><\/p>\n<p><a href=\"http:\/\/www.fapi.info\/?page_id=795\"><img decoding=\"async\" loading=\"lazy\" class=\"wp-image-582 aligncenter\" src=\"https:\/\/www.fapi.info\/wp-content\/uploads\/2016\/11\/Immagine_testo_2.jpg\" alt=\"immagine_testo_2\" width=\"788\" height=\"164\" srcset=\"https:\/\/www.fapi.info\/wp-content\/uploads\/2016\/11\/Immagine_testo_2.jpg 846w, https:\/\/www.fapi.info\/wp-content\/uploads\/2016\/11\/Immagine_testo_2-768x160.jpg 768w, https:\/\/www.fapi.info\/wp-content\/uploads\/2016\/11\/Immagine_testo_2-365x76.jpg 365w\" sizes=\"(max-width: 788px) 100vw, 788px\" \/><\/a><\/p>\n<p><img decoding=\"async\" loading=\"lazy\" class=\"size-full wp-image-581 alignleft\" src=\"https:\/\/www.fapi.info\/wp-content\/uploads\/2016\/11\/presidente.jpg\" alt=\"presidente\" width=\"259\" height=\"195\" \/><\/p>\n<p style=\"text-align: justify;\">I Presidente della F.A.P.I. \u00e8 eletto dal Congresso nazionale, dura in carica quattro anni ed \u00e8 rieleggibile.Egli dirige e coordina l&#8217;attivit\u00e0 della F.A.P.I. ed ha la firma degli atti nonch\u00e9 la rappresentanza legale della FAPI.<br \/>\nProvvede all&#8217;apertura dei conti correnti bancari e postali, intestati alla Associazione datoriale \u201cF.A.P.I.\u201d ed opera sugli stessi, Designa i rappresentanti della F.A.P.I. presso gli organi istituzionali, politici, amministrativi tecnici; stabilisce l&#8217;eventuale organico e le funzioni degli uffici della F.A.P.I., assume e licenzia il personale e delibera sui provvedimenti disciplinari relativi; compie tutti gli atti di ordinaria amministrazione, firma i mandati di pagamento.<br \/>\nll \u00a0Vice Presidente collabora con il Presidente e, in caso di sua assenza o impedimento, ne esercita le attribuzioni secondo le indicazioni del Presidente stesso e le eventuali deliberazioni della Giunta Nazionale.<br \/>\nE\u2019 facolt\u00e0 del Presidente , conferire con delega espressa al Vice Presidente la competenza a compiere tutte le operazioni anche ordinarie di natura bancaria,quali a titolo esemplificativo l\u2019accensione di conto correnti, la traenza assegni, la richiesta di utilizzo carta bancomat.<\/p>\n<p>&nbsp;<\/p>\n","protected":false},"excerpt":{"rendered":"<p>I Presidente della F.A.P.I. \u00e8 eletto dal Congresso nazionale, dura in carica quattro anni ed \u00e8 rieleggibile.Egli dirige e coordina [&hellip;]<\/p>\n","protected":false},"author":1,"featured_media":0,"parent":0,"menu_order":0,"comment_status":"closed","ping_status":"closed","template":"","meta":{"_exactmetrics_skip_tracking":false,"_exactmetrics_sitenote_active":false,"_exactmetrics_sitenote_note":"","_exactmetrics_sitenote_category":0},"_links":{"self":[{"href":"https:\/\/www.fapi.info\/index.php?rest_route=\/wp\/v2\/pages\/440"}],"collection":[{"href":"https:\/\/www.fapi.info\/index.php?rest_route=\/wp\/v2\/pages"}],"about":[{"href":"https:\/\/www.fapi.info\/index.php?rest_route=\/wp\/v2\/types\/page"}],"author":[{"embeddable":true,"href":"https:\/\/www.fapi.info\/index.php?rest_route=\/wp\/v2\/users\/1"}],"replies":[{"embeddable":true,"href":"https:\/\/www.fapi.info\/index.php?rest_route=%2Fwp%2Fv2%2Fcomments&post=440"}],"version-history":[{"count":8,"href":"https:\/\/www.fapi.info\/index.php?rest_route=\/wp\/v2\/pages\/440\/revisions"}],"predecessor-version":[{"id":1254,"href":"https:\/\/www.fapi.info\/index.php?rest_route=\/wp\/v2\/pages\/440\/revisions\/1254"}],"wp:attachment":[{"href":"https:\/\/www.fapi.info\/index.php?rest_route=%2Fwp%2Fv2%2Fmedia&parent=440"}],"curies":[{"name":"wp","href":"https:\/\/api.w.org\/{rel}","templated":true}]}}